60. Let l(s) be the second derivative of y(s). Calculate l(-4).
-3
Let z be (-382)/42 - (-84)/882. Let o be z/((-18)/4) - 1. Let f(j) = -j**2 - 1. Let t(g) = 21*g**2 + 6. Let n(h) = 5*f(h) + t(h). Give n(o).
17
Let n(p) be the second derivative of -13*p**3/6 + 17*p**2/2 - 1930*p. What is n(8)?
-87
Let h(x) = -19*x - 72. Let p(l) = 47*l + 145. Let u(r) = 7*h(r) + 3*p(r). What is u(9)?
3
Let q(j) = 2*j**3 - 12*j**2 - 33*j + 15. Suppose t + 3*r + 23 - 19 = 0, -4*r - 24 = -t. Calculate q(t).
7
Let c(p) = -8 + 174*p + 16 - 172*p + 23. Give c(-11).
9
Let b(o) = -2*o - 8. Let l be b(-7). Let u(n) = 45 + 54 - 204 + 2*n + 52 + 47. What is u(l)?
6
Let c be (84/(-63))/(4/9). Let g(s) = s**3 + 3*s**2 + s - 2. Determine g(c).
-5
Let m(t) be the third derivative of -t**4/4 - t**3/3 - 4*t**2. Suppose 0 = 4*n - 0*n - 8. Suppose -4*i - n = -5*i. Determine m(i).
-14
Suppose 6536 = 15*u - 2389. Let j = 598 - u. Let o(w) = 2*w - w**3 - 9*w**2 + 9*w**2 - 4. Calculate o(j).
-25
Let q = 16 + -9. Let o be -1*(q + (-2 - 0)). Let b(i) be the second derivative of i**5/20 + i**4/3 - 7*i**3/6 - i**2 - 54*i. Determine b(o).
8
Suppose -3*g + 3*a - 18 = 0, -g - 2*a = -40 + 37. Let u(l) = 3*l + 16. Calculate u(g).
7
Let o(k) = 11*k - 51. Suppose 3*j + 74*w - 18 = 72*w, -5*j + 11 = -3*w. Determine o(j).
-7
Let x(d) = -d**2 - 14*d + 39. Let h(s) be the third derivative of -17*s**6/120 + s**3/6 - 7*s**2. Let q be h(1). Let i be x(q). Let w(t) = t - 8. What is w(i)?
-1
Let j(h) = -h**2 + 28*h - 31. Let o be j(27). Let b(g) = -3*g + 8. Let m(x) = 8*x - 41. Let s(u) = -4*b(u) - m(u). Determine s(o).
-7
Let f(a) = 29*a**2 - 28*a**2 + 545*a - 554*a. Let v = 25 + -17. Calculate f(v).
-8
Let t(h) = 42*h - 8 - 91*h + 44*h. Calculate t(-3).
7
Let c(u) = 147*u**3 - u**2 + 0*u**2 + 2*u - 78*u**3 - 15 - 70*u**3. Give c(0).
-15
Let i(s) = -39 - 39048*s**2 - 3*s + 39058*s**2 - 2*s**3 + 48. Calculate i(5).
-6
Let v(d) = -4*d**2 + 5*d - 11. Let z(x) = 2*x**2 - 65*x + 35. Let c be z(32). Give v(c).
-32
Let q(o) = -5*o**2 - 3*o**2 - 4*o**2 - o**3 + 4 - 11*o. Suppose -2*r - 18 = 4*h, 3*h - 12 + 9 = 0. Give q(r).
4
Let g = 313 - 308. Suppose 25 = g*h, -4*h - 46 = 3*s - 9*h. Let p(f) = 2*f + 20. What is p(s)?
6
Let w(i) be the first derivative of i**3/3 + 13*i**2/2 + 11*i - 914. Determine w(-12).
-1
Let a(d) = -2*d**2 - 71*d - 30. Let j = -4677 + 4642. Give a(j).
5
Let d(g) be the third derivative of 4/3*g**3 + 9*g**2 + 0 + 0*g + 1/6*g**4 + 1/180*g**6 - 1/24*g**5. Let v(f) be the first derivative of d(f). Determine v(3).
7
Let y = 54710 - 54709. Let x(i) be the second derivative of 7*i**5/20 + i. Determine x(y).
7
Let g(d) = d**2 + 2. Let o(a) = -6*a**2 + 2*a - 9. Let m(q) = 5*g(q) + o(q). Let s(v) = 3*v**2 - 26*v - 12. Let h(f) = 4*m(f) + s(f). Calculate h(-18).
-8
Let y(i) be the second derivative of i**5/60 + 5*i**4/24 - 3*i**3/2 + 50*i**2 + 25*i. Let j(g) be the first derivative of y(g). Calculate j(-7).
5
Suppose -4*p - 1288 - 12 = 0. Let s be 178/26 - 50/p. Let y(f) = f**3 - 8*f**2 + 7*f - 3. Determine y(s).
-3
Let j(l) = l**2 - 33*l + 3. Let o be j(33). Let t(g) = -4*g + 19. Let c be t(o). Let n(s) = s**3 - 7*s**2 - 3*s + 8. Calculate n(c).
-13
Let j(n) = -n. Suppose -11*p = 13*p - 216. Let c be 12/p + ((-10)/(-15))/1. Determine j(c).
-2
Let m = -919 + 920. Let j(p) = -18*p**3 + 2*p**2 - 1. Determine j(m).
-17
Suppose -8 = w + 4*r, 3*w + 14 = -2*r - 0. Let a(b) = -3*b**2 - 10*b + 7. Let t(h) = -h**2 - 1. Let o(c) = w*t(c) + a(c). Suppose 35*f - 45 = 30*f. Give o(f).
2
Let q be 7/14*(-10)/(-1)*(-60)/(-150). Let z(u) = -8*u**2 + 28*u - 49. What is z(q)?
-25
Let u(v) be the first derivative of 2*v**2 - 2/3*v**3 + 4 + 0*v. Calculate u(3).
-6
Let u be 91/(-312)*4*-6. Let h(r) = -6*r - 3. Give h(u).
-45
Let i be 4/6*(7/(-21)*27 + 27). Let g(u) = -2*u**2 + 15*u + 104. What is g(i)?
-4
Let z(t) = -2*t + 18. Let n(c) = 4*c - 21. Let r(p) = -p**3 + 21*p**2 + 3*p - 68. Let x be r(21). Let f(l) = x*n(l) - 6*z(l). What is f(4)?
-35
Let v(a) = a**3 - a + 2. Let o(y) be the second derivative of -26*y + 1/2*y**3 - 3/2*y**2 + 0 + 0*y**4 - 1/10*y**5. Let j(k) = 2*o(k) + 5*v(k). What is j(0)?
4
Let g(a) = 4*a - 7. Let s(h) = -h + 2. Let t(c) = 2*g(c) + 9*s(c). Let r(i) = 3*i - 9. Let y(o) = -6*r(o) - 14*t(o). What is y(-2)?
6
Let y = 308 - 245. Let m be (2/3)/1*y/6. Let k(i) = i - 3 + 1 - 5 - 7. Give k(m).
-7
Suppose 28 = -3*v + 7*v. Let m(b) = -3*b**3 - 22*b**2 - 16*b + 53. Let k(d) = d**3 + 10*d**2 + 8*d - 22. Let r(n) = -5*k(n) - 2*m(n). Determine r(v).
-3
Let i(n) = -291*n - 1164. Let o be i(-4). Let s(u) = 7 + 2*u - 3*u - u**2 + 0*u. What is s(o)?
7
Let y(k) = -25*k + 113. Let t be 4*2 - (-133 - -137). Give y(t).
13
Let f(h) = 19*h**2 - 4*h - 4. Let b(c) = 125*c - 876. Let k be b(7). Determine f(k).
19
Suppose -169 = -18*s - 43. Let u(m) = -7 + 1929*m**3 + 9*m - 9*m**2 + 4 - s - 1928*m**3. Suppose -k + 6 = -2. What is u(k)?
-2
Let w(i) be the third derivative of i**8/6720 + i**7/280 + i**6/72 + 3*i**5/40 - 59*i**4/8 - 157*i**2. Let h(v) be the second derivative of w(v). What is h(-8)?
-7
Let x(v) = -v - 2 - 1 - 6. Let l(r) = 26 + 6 - 3*r + 22 - 82. Let i be l(-6). Calculate x(i).
1
Let w(k) = k - 4. Let o(h) = -h + 2. Suppose 5*x + v = -18, 6*x - 3*v = 3*x. Let l(r) = x*w(r) - 6*o(r). What is l(-4)?
-12
Let c(b) = -b**3 - 10*b**2 - 3*b - 8. Suppose 16*v - 21*v + 5*t - 20 = 0, 3*v + 32 = -t. Give c(v).
-62
Let a(x) = -28*x - 32*x + 61*x + 2 + 11. Calculate a(-10).
3
Let b(s) be the second derivative of -s**3/6 + s**2 + 15*s. Let n be b(-1). Suppose 5*l - 14 = n*l. Let p(w) = w**3 - 8*w**2 + 6*w + 6. Calculate p(l).
-1
Let w = -19 + 29. Let b(l) = -l**3 + 10*l**2 + 2*l - 21. Let o be b(w). Let c(a) be the second derivative of -a**4/2 - a**2/2 - 10*a. Determine c(o).
-7
Let i(l) be the second derivative of -35*l**3/3 - 347*l**2/2 + 1065*l. Give i(-5).
3
Let l = -10901 + 10904. Let q(r) be the second derivative of 1/6*r**l + 1/12*r**4 + 0 - 26*r + 1/2*r**2. What is q(-2)?
3
Let i(q) = q. Let p(m) = -2*m**2 - 5. Let y(f) = -2*f**2 - f - 1. Let h(g) = -p(g) + 2*y(g). Let t(w) = h(w) + i(w). Determine t(-3).
-12
Let p(h) = 2*h**3 - 11*h**2 + 9*h + 5. Let n(u) = 3*u**3 - 10*u**2 + 7*u + 5. Let s be (-7)/((-21)/(-4))*-3. Let j(x) = s*p(x) - 3*n(x). Determine j(-15).
5
Let t(b) = -3*b - 4. Let h(y) = y + 1. Let f(s) = 2*h(s) + t(s). Suppose -15*o + 33 = -26*o. Give f(o).
1
Let a(b) = -15*b + 186. Let d be a(12). Let v(i) = d + 2142*i**2 + 15*i - 3*i - 2140*i**2 + 0*i. Give v(-5).
-4
Suppose 125*j = 128*j. Suppose -4*v + z + 28 = 0, 2*v + 2*v - 2*z - 32 = j. Let o(i) = 3*i + 0*i - 5 - i. Determine o(v).
7
Let w(x) be the third derivative of x**4/24 + x**3/3 + 783*x**2. Give w(-2).
0
Let g = -8 - -10. Let y(m) = -5*m**2 + 4*m**g - 5 + 7*m + 3 + 2*m**2. Let p be (5*(-84)/245)/((-6)/(-21)). Give y(p).
-8
Let g(m) = -4*m + 17. Suppose -4*f = -3*t + 65, 0 = -6*t + t + 2*f + 71. What is g(t)?
-27
Suppose -49*f = 29*f - 936. Let p(y) = y**3 - 14*y**2 + 15*y + 15. Give p(f).
-93
Suppose 20*n + 256 = 28*n. Let a(j) = 10*j - 315. Let p be a(n). Let u(y) = -y**3 + 5*y**2 + 4*y - 7. Give u(p).
13
Let j(t) = t**3 - 7*t**2 - 4. Let l = 2070 + -2067. Determine j(l).
-40
Suppose c + 2*o - 60 = -3*c, -4 = -o. Let m(u) = c - 19 - 3*u + 4 + 9. Calculate m(-8).
31
Let r(h) = -4*h**2 + 27*h - 24. Let g be r(6). Let z(f) = f**3 + 8*f**2 + 10*f + 11. What is z(g)?
23
Let n(b) = -b**3 + 8*b**2 - 19*b + 10. Let z = 24864 + -24861. Calculate n(z).
-2
Let o(g) = -64*g - 558. Let b(k) = -7*k - 62. Let h(r) = -37*b(r) + 4*o(r). Calculate h(-9).
35
Suppose 2*z - 4*f = 4, 3*z - 3 = -z + 3*f. Let x(i) = 16*i**3 - 4*i**2 + 6*i + 27. Let l(n) = -5*n**3 + n**2 - n - 9. Let m(k) = 3*l(k) + x(k). Determine m(z).
0
Let g(a) be the second derivative of 11*a**3/6 + 59*a**2 + 1147*a. Calculate g(-12).
-14
Let q(t) = -95*t + 80*t + 2*t**3 + 21*t**2 + 14 + 19 - 3*t**3 + 59*t. Determine q(23).
-13
Let f(r) = 162*r - 3. Let s(p) = -728*p + 10. Let o(a) = -9*f(a) - 2*s(a). Suppose -6 = -2*c - 3*z, 4*c - 3*z - 30 = -0*z. What is o(c)?
-5
Let u(i) = -i**2 - 54*i - 164. Let n = 31720 - 31771. Calculate u(n).
-11
Let p(i) = 3*i**2 + 2*i - 4. Let q(v) = v**3 + 17*v**2 + 21*v + 6. Let l be q(-15). Let g = -144 + l. What is p(g)?
17
Suppose 3*x = -2*f + 30, -5*x +